12507 - 12643 = -4*u, -4*n + 5*u + 16782 = 0. What is the greatest common divisor of 7 and n?
7
Let q(n) = -3*n**2 + 35*n - 22. Let o be q(11). Suppose o = 8*g - 59 - 37. What is the greatest common factor of 228 and g?
12
Let z be (0 + 0)/2 + 8. Let x = 558 - 534. Calculate the greatest common divisor of x and z.
8
Let x be 5*(-9)/(-180)*88. Calculate the highest common factor of x and 6281.
11
Suppose 218 = 24*u - 152 - 134. Calculate the highest common factor of u and 525.
21
Suppose 5*b - 30 = -5*z - 0*b, -3*z + 19 = 4*b. Let u be (5/2)/((-8610)/(-860) - 10). Suppose u = z*f - 115. Calculate the greatest common factor of 6 and f.
6
Let a(x) = 3*x**2 + 84*x + 177. Let b be a(-26). Calculate the greatest common divisor of b and 432.
3
Let t be (9/(-15))/((-12)/40). Suppose 5*s - 5*j - 235 = 0, -t = -3*j + 1. Let m = 311 - 191. Calculate the greatest common factor of s and m.
24
Suppose -2*h + 6*a = a + 17, -h + 5*a = 16. Let p be (-57)/6*-2*(h + 28). Calculate the greatest common factor of 57 and p.
57
Let d(j) = 425*j**3 + 34*j**2 - 48*j - 12. Let g be d(4). Calculate the greatest common factor of g and 20.
20
Let n = 88 - 83. Let g be (n/(-2))/(5/(-210)). What is the greatest common divisor of g and 140?
35
Suppose 4*x - 6*x = -420. Suppose -14*k + 9*k - 2*y = -144, -4*k - 4*y = -108. What is the greatest common factor of x and k?
30
Suppose -187*v + 192*v = 11960. Suppose -v = -2*j - 970. Calculate the highest common divisor of 9 and j.
9
Suppose 0 = 2*g + 5*i - 23 + 14, -5*i = 4*g - 43. What is the highest common factor of 6171 and g?
17
Let h(k) = -8 - 39*k**3 - 7*k**2 - 36 + 18*k**3 + 22*k**3 + 15*k. Let r be h(6). Calculate the greatest common divisor of r and 160.
10
Let w be 58/(-3)*(-90)/4. Let o = w - 392. What is the greatest common factor of o and 172?
43
Let c(q) = 16*q**2 + 19*q**3 - 5*q**3 - 3 - 15*q**3 + 10. Let l be c(16). Let o = -64 + 99. What is the greatest common factor of l and o?
7
Let n = -102 - -86. Let i be (4/n)/(4/(-64)). Let s be -18*2/i*(-2 - 0). What is the greatest common factor of s and 12?
6
Let d = 82555 - 49870. Calculate the highest common divisor of 15 and d.
15
Let f(n) = n - 13. Let u be f(10). Let r be 3/u*(-25 - 3). Let k be ((-21)/7)/(9/(-294)). Calculate the highest common divisor of k and r.
14
Let y(k) = k**2 - 13*k - 14. Let x be y(34). Suppose 0 = 21*o + 4*o - x. Suppose -3*j + 7*j = 56. Calculate the greatest common divisor of o and j.
14
Let u be 138/(-184)*38872/(-6). Calculate the greatest common divisor of u and 258.
43
Let d be -6 - 128/(-20) - -7*2108/10. Calculate the greatest common divisor of d and 27.
9
Let v(j) = 15*j**2 - 2*j - 1. Let s be v(-1). Let g be (31570/(-49))/11*(-7)/1. Let w = 554 - g. Calculate the highest common divisor of w and s.
16
Let j = 33 - 15. Let q(m) = -75*m + 164 + 169 - m**3 + m**2 + 39*m**2 - 326. Let y be q(38). Calculate the greatest common divisor of y and j.
9
Let d(h) be the second derivative of h**4/12 + h**3/2 - 3*h**2 + 10*h. Let f be d(-6). Let n = 636 + -635. Calculate the highest common divisor of n and f.
1
Suppose -20961 = 3*d + 2*x - 21921, -3*d + 960 = 4*x. Suppose 0*z + 20 = z. What is the greatest common factor of z and d?
20
Let s(k) = 45*k - 362. Let i be s(10). Calculate the highest common factor of i and 748.
44
Suppose 0 = 21*a - a - 36802 - 3798. What is the greatest common divisor of 7 and a?
7
Let o be (-39 - -33) + (-12)/(-2). Suppose o = 17*w - 3*w - 2842. What is the greatest common divisor of 29 and w?
29
Let j(t) = 235 - 35*t + 3*t**2 + 2*t**2 - 18*t + 12*t - 4*t**2. Let l be j(35). What is the greatest common divisor of 200 and l?
25
Let l(t) = 6*t**3 - 2*t**2 + 5*t + 16. Let f be l(-2). Let p = 53 + f. What is the highest common factor of p and 9?
3
Let c be (-255)/(-34)*(9 - 12 - -9). Let u = -475 + 700. Calculate the greatest common divisor of u and c.
45
Let f = -115 + 131. Let k be 208/(-2)*(-5 + f/4). Calculate the greatest common factor of 91 and k.
13
Suppose k + 28*s - 33*s = 298, -2*k - 2*s = -572. What is the greatest common factor of k and 171?
9
Suppose 0 = -4*u + u + 180. Let i be 30/(-4)*(8/(-160) + (-785)/300). What is the greatest common divisor of u and i?
20
Let l(g) = 7*g**2 - 125*g - 3150. Let y be l(-37). Calculate the highest common factor of y and 114.
114
Let v = -5860 - -5872. Calculate the greatest common factor of 708 and v.
12
Let x = -7271 + 9223. What is the greatest common divisor of x and 416?
32
Let d = 203 + -97. Suppose 2*x - 142 = c, 3*x = 8*x - c - 355. Let w = d - x. Calculate the highest common divisor of w and 140.
35
Let v = 4608 + -4562. Calculate the highest common divisor of 2461 and v.
23
Suppose -5*n = -61*j + 58*j - 3353, 0 = 4*n - 2*j - 2680. What is the greatest common factor of 46 and n?
23
Let h be 95 + (40/(-14))/(6/21). Calculate the greatest common divisor of h and 3077.
17
Suppose 602 = 3*l - 679. Suppose 8*s = 15*s - l. Suppose -s*y - 168 = -62*y. What is the greatest common factor of y and 7?
7
Let u be (3/6)/(43/4214). What is the greatest common factor of u and 49?
49
Suppose 3*s = u - 0*u + 11, 0 = -3*s + 4*u - 1. Let i = -55 - s. Let k = -20 - i. Calculate the highest common divisor of 16 and k.
8
Suppose 15*s - 7075 = -205. Let b = -146 + s. What is the highest common divisor of 24 and b?
24
Suppose -24*k + 324 = -371 + 575. What is the highest common divisor of k and 4415?
5
Let p = -130 + 130. Suppose p = 4*k + o - 4*o - 34, -5*k = -2*o - 39. Let u = 7 - -42. What is the highest common factor of k and u?
7
Suppose -6842 = -1352*v + 1350*v. Calculate the greatest common divisor of v and 11.
11
Suppose 65282 = 129*k - 23470. Calculate the highest common divisor of 128 and k.
16
Let m be 64/112 + (-720)/(-14). Suppose 40*d = 39*d + m. Calculate the greatest common factor of d and 52.
52
Let u be 9/(-9 + 0) + 3. Suppose -4*b = -3*k + u, 3*k + 3 = 3*b + 9. Calculate the highest common factor of 18 and k.
6
Let j(z) = -162*z - 1570. Let s be j(-10). What is the highest common factor of s and 3610?
10
Let k(l) = -142*l**3 + 5*l**2 + 76*l + 418. Let b be k(-5). Calculate the highest common divisor of 42 and b.
21
Let h(y) = -y**3 - 8*y**2 + 51*y + 186. Let l be h(-14). What is the greatest common factor of 132 and l?
12
Let y = -167 + 329. Suppose g - 6*l - 240 = 0, -753*g - 1370 = -758*g - 4*l. What is the highest common divisor of g and y?
54
Let w(i) = 7*i**2 + 2*i + 1. Let z be w(-1). Let m = -81 - -11. Let g = m + 118. Calculate the highest common factor of g and z.
6
Suppose 3*l - 1640 = 2*d, 4*l + 20 - 2205 = d. What is the greatest common factor of l and 21?
21
Let h = 1907 + -1074. What is the greatest common divisor of h and 98?
49
Let n be (-1)/(5*8/(-440)). Calculate the greatest common factor of 4719 and n.
11
Let l = 1302 + -1294. Let k be (-26)/(3*3/9). Let w be k/91 - (-506)/7. What is the highest common factor of w and l?
8
Let r be (13/((-52)/8))/((-1)/2). Suppose -r*z = 3 + 9, 963 = 4*s - z. Calculate the greatest common divisor of s and 48.
48
Let g(r) = -r**3 - 2*r**2 + 3*r + 6. Let j be g(-4). Let k = -14 + j. Suppose -36*m = -41*m + 210. What is the greatest common divisor of k and m?
6
Let d(o) = o**3 - 25*o**2 + 31*o + 27. Let q be d(24). Let t = -4601 + 4926. What is the highest common divisor of t and q?
65
Let w(p) = -34*p + 645. Let m be w(-20). What is the highest common divisor of 100 and m?
25
Suppose -2*w = -3*w - 4*b + 15, -4*b = 2*w - 34. Suppose -4*o = -3*o - w. Let z = -3550 - -3759. Calculate the highest common factor of z and o.
19
Let i(x) be the third derivative of 33*x**5/20 - x**4/12 - x**3/2 + 40*x**2. Let c be i(-1). What is the greatest common factor of c and 42?
14
Let z(m) = -3*m**3 - 40*m**2 - 41*m - 286. Let d be z(-16). What is the highest common divisor of 18 and d?
6
Let m(r) = -5*r - 4. Let v be m(-3). Let p = 11000 + -10824. Calculate the highest common divisor of p and v.
11
Let l be 520858/1183 - (-2)/(-7). What is the greatest common divisor of l and 1595?
55
Suppose 57564 = 1943*b - 1930*b. Calculate the greatest common factor of 108 and b.
108
Let u be (-200)/(-75)*(-3)/2*-35. Let o(f) = 9*f**2 - f. Let z be o(-3). Suppose 2*c + c = z. What is the highest common divisor of c and u?
28
Let r(x) = -x + x +